e remainder when 21 is divided by u(k)?
5
Suppose 0 = 14*v + 25*v - 12753. Let r = -318 + v. What is the remainder when 53 is divided by r?
8
Let v(l) = 315*l**2 + 149 + 64 - 314*l**2 - 26*l. Calculate the remainder when v(24) is divided by 14.
11
Let y be (-9)/15 + 1410/(-25). Let k = -34 - y. Suppose -20*m + 2492 = 8*m. What is the remainder when m is divided by k?
20
Let n be 6/45 + 618/90. Suppose 125 = n*o - 8. Calculate the remainder when 41 is divided by o.
3
Suppose 0 = 10*w + 206 + 44. Let m = 25 + w. Calculate the remainder when (m - (4 - 6)*-1) + 19 is divided by 4.
1
Suppose -15*j + 13*j + 3*z = -45, 0 = -5*j + 2*z + 129. What is the remainder when (7/(-1))/(1/(-19)) is divided by j?
25
Let w be (186 - 16)*(5/2)/5. Suppose -58 = -2*q - r, 2*q = -q - r + w. Let m(n) = 2*n - 14. What is the remainder when q is divided by m(10)?
3
What is the remainder when 7854/28 + 28 - (-1)/2 is divided by 52?
49
Suppose 16955 = 5*h - 3*l, 5*l = 167*h - 163*h - 13564. Calculate the remainder when h is divided by 283.
278
Let c = 29 + -18. What is the remainder when 59 - (-14 + 4 - -11) is divided by c?
3
Suppose 5*z + 347 - 2972 = 0. Suppose -6*f + z = f. Calculate the remainder when f is divided by 19.
18
Let b = 58 + -56. Suppose -c - b*c = w + 2, 5*w = -25. Calculate the remainder when 91 is divided by 0/(-1) + 20 - c.
15
Suppose 0 = -18*x + 9216 - 8964. Calculate the remainder when 4869 is divided by x.
11
Let r = -221 + 235. Calculate the remainder when (-114)/133 - (-3764)/r is divided by 27.
25
Let t = 22468 - 22458. What is the remainder when 129 is divided by t?
9
Let x(o) = -o**3 + 4*o**2 - o + 6. Let q be x(4). Let b be -6*1/q + 41. Suppose 2*t = 2*v - b, t + 32 + 63 = 5*v. What is the remainder when 35 is divided by v?
16
Let w be 3 - ((-4)/2 + 16). Let a(o) = -o**2 - 10*o + 7. Let t be a(w). Let f(h) = -6*h - 10. Calculate the remainder when 36 is divided by f(t).
8
Let w = 4 - -28. Let t(y) = -y**3 - 3*y**2 + 251*y + 1622. What is the remainder when t(-7) is divided by w?
29
Let q(j) = 37*j - 431. What is the remainder when 464 is divided by q(12)?
9
Let u = -8994 + 9044. Suppose 2*f - 8 = 2*h, 0*f + 2*f = -5*h + 8. Calculate the remainder when u is divided by f.
2
Let b = -205 + 125. Let i = 112 + b. Calculate the remainder when i is divided by 5.
2
Let r(g) = -g**2 - 17*g - 43. Let b be r(-10). Let l = b - 20. Calculate the remainder when l is divided by (-1 + -1)*-1 + 2.
3
Suppose 104*x + 14288 - 41307 = 46821. What is the remainder when x is divided by 348?
14
Let o = -320 - -324. Suppose 12*c - o*c = 616. Calculate the remainder when c is divided by 42.
35
Suppose 9*u = 9 - 9. What is the remainder when 137 is divided by (0 - u) + 8 - (-8 + 8)?
1
Let h be 3 - -3*(3 + 3). Let z be 0*(h/9 + -2). Suppose -q = z, -9 = -g - q + 1. Calculate the remainder when 17 is divided by g.
7
Let p be (4/(-3))/((-8)/30). What is the remainder when -1*p - (-4 - 18) is divided by 5?
2
Let t = 2048 + -1975. Calculate the remainder when t is divided by 2/8 + 177/12.
13
Suppose -5*b = 36 - 106. Let s(o) = -o**3 + 7*o**2 + 72*o - 43. Calculate the remainder when s(-7) is divided by b.
13
Let i = -3696 + 4105. Calculate the remainder when i is divided by 159.
91
Suppose 22*y - 17*y = 3*j + 22873, 6*y - 27441 = -3*j. What is the remainder when y is divided by 143?
141
Suppose 4*c = 2*c + 334. What is the remainder when c is divided by (948/(-48) - 30/(-3))*56/(-42)?
11
Let t = -26956 + 27139. Calculate the remainder when 1296 is divided by t.
15
Calculate the remainder when 362 is divided by 37 + ((-16)/5*(-20)/8)/(-2).
32
Suppose 4*c = 131 + 349. Suppose 0*f + c = 6*f. Calculate the remainder when f is divided by 21/6*(-5)/(140/(-128)).
4
Let q be (22/88)/(2 - (-15)/(-8)). Suppose u = 2*v + 3*v - 22, -q*v - 5*u - 2 = 0. What is the remainder when 45 is divided by v?
1
Let s(p) = p**3 + 6*p**2 - 16*p - 33. What is the remainder when s(-7) is divided by -4 + (17 - (-8)/2)?
13
Let v(z) = z**3 + 107*z**2 + 100*z - 40. What is the remainder when v(-106) is divided by 83?
15
Suppose -4*g + 4 - 8 = 0, 4*g = 5*z - 469. Suppose -4*n + z = -5*f - 106, 3*f = 4*n - 193. What is the remainder when n is divided by ((-2)/3)/(1/(-18))?
10
Let j(g) = -241*g + 10731. Calculate the remainder when j(31) is divided by 218.
208
Suppose 4*r - 55 = -191. Let f = -23 - r. Let z = 91 - 60. What is the remainder when z is divided by f?
9
Let j(c) = -2*c**2 - 10*c + 9. Let s be j(-6). Let l(o) = 16*o - 1. Let n be l(1). What is the remainder when 43 is divided by (s + n/(-10))*-2?
7
Let z = 6104 - 6064. What is the remainder when 182 is divided by z?
22
Let h be 80 + 0*2/10. Let g = 259 - h. What is the remainder when g is divided by 5?
4
Let v be (-6)/3*(-1)/(-1). What is the remainder when (670/(-938) + (-13)/21)/((-12)/297) is divided by -2*((-10)/4 + v)?
6
Let a(r) = 3*r**2 - 50*r + 48. Suppose -400 = 17*j - 42*j. Let o = 83 - 20. What is the remainder when o is divided by a(j)?
15
Let v = -5855 - -6540. Calculate the remainder when v is divided by 172.
169
Let t = 43 - 43. Suppose -116 = -t*l - 4*l. Let i = 26 + l. Calculate the remainder when i is divided by 8.
7
Let g(u) be the third derivative of u**4/6 + 20*u**3/3 + u**2 - 83. What is the remainder when g(5) is divided by 27?
6
Suppose 3*w = -5*k - 566, 3*k + 342 = -w - 0*w. Let h = k + 154. What is the remainder when 270 is divided by h?
36
What is the remainder when 851 is divided by 0 + 15 - (171 - 177)?
11
Let l = -203 + 207. Suppose 14 = 6*i - l. What is the remainder when i is divided by 1?
0
Let c = -72 + 23. Let h = 51 + c. Suppose -h*y + y + 21 = 0. What is the remainder when 39 is divided by y?
18
Calculate the remainder when 41799 is divided by ((-88160)/1392)/((-1)/3).
189
Suppose 10*i - 139 = 11. Let s = i - 2. What is the remainder when 140 is divided by s?
10
Let w(f) = -232*f + 941. What is the remainder when 272 is divided by w(4)?
12
Let z(a) = a**2 - 2*a + 7. Suppose 5*r + 56 = 7*r. Let p = 32 - r. What is the remainder when 43 is divided by z(p)?
13
Let z be (-16)/(-6)*135/90. Suppose -k - z*k + 5*f = -590, -3*k + 5*f = -352. Calculate the remainder when k is divided by 6.
5
Let w(u) = 4*u**3 + 21*u**2 - 2*u - 15. Let a be w(-5). Calculate the remainder when 230 is divided by ((-14)/(-3))/(7 - a/3).
6
Let s(d) = d**3 - 4*d**2 - 11*d + 18. Let q be s(6). Suppose -q*n = -21*n - 294. Calculate the remainder when n is divided by 25.
23
Suppose -25*o - 5*o - 240 = 0. Let g = -54 + 103. What is the remainder when g is divided by (-32)/(-24)*(-156)/o?
23
Let c = 124 - 117. Suppose -c*y = -4*y - 174. Suppose y = 5*h - 4*u, u + 25 - 98 = -5*h. What is the remainder when 24 is divided by h?
10
Suppose -3*a - 6043 - 617 = -3*z, -10 = -2*a. Suppose z = 23*d + 776. What is the remainder when d is divided by 13?
11
Let o(n) = 1583*n - 22145. Suppose -4*q + 85 + 47 = 0. What is the remainder when q is divided by o(14)?
16
Let j(z) = 11*z - 77. Let o be 285/27 + 56/126. Let y(t) = 2*t**2 - 7*t. Calculate the remainder when j(o) is divided by y(5).
14
Let k = 13 + 44. Let n = k + -59. What is the remainder when (n/2 - (-87 - -4)) + -3 is divided by 20?
19
Suppose r - 3*q = 176, 2*q = -4*r + 146 + 488. Suppose 14*i - 49 - r = 0. Calculate the remainder when 1078 is divided by i.
13
Suppose 5*g - 17*g = 3828. Let f = 377 + g. Calculate the remainder when f is divided by 13.
6
Suppose 1655 = -4*p + 9*p. Let m(d) = 9*d**2 - 1411*d - 2810. What is the remainder when p is divided by m(-2)?
43
Suppose 4*y + 46 = 2. Let n = y + 16. Let f(h) = -h**3 + 4*h**2 + 6*h. Calculate the remainder when 22 is divided by f(n).
2
Calculate the remainder when (284/(-2)*-7)/(24/12) is divided by 170.
157
Calculate the remainder when 990 is divided by 8 + 713/6 + (-102)/(-612).
101
Let w(o) = 31*o**2 - 12*o**2 + 2*o - 10*o**2 + 0*o. Suppose h - 18 - 74 = 0. What is the remainder when h is divided by w(-2)?
28
Let z = 35 + -31. Suppose z*u + 12 = u, -43 = -b + 5*u. What is the remainder when (2 - 1)/(((-95)/420)/(-19)) is divided by b?
15
Suppose 0 = 61*b - 1006 + 152. Let p = -1258 + 1998. Calculate the remainder when p is divided by b.
12
Let x = -14140 - -14413. What is the remainder when 549 is divided by x?
3
Suppose -5*x = 17 - 177.